{"id":1290,"date":"2021-12-22T14:27:24","date_gmt":"2021-12-22T14:27:24","guid":{"rendered":"https:\/\/demo.creativethemes.com\/elementor\/homi\/?page_id=1290"},"modified":"2021-12-22T14:27:24","modified_gmt":"2021-12-22T14:27:24","slug":"contact-us","status":"publish","type":"page","link":"https:\/\/chouchouphuquoc.com.vn\/index.php\/contact-us\/","title":{"rendered":"Contact us"},"content":{"rendered":"<style>\/*! elementor - v3.5.1 - 20-12-2021 *\/\n@media (min-width:768px){.elementor-widget-icon-box.elementor-position-left .elementor-icon-box-wrapper,.elementor-widget-icon-box.elementor-position-right .elementor-icon-box-wrapper{display:-webkit-box;display:-ms-flexbox;display:flex}.elementor-widget-icon-box.elementor-position-left .elementor-icon-box-icon,.elementor-widget-icon-box.elementor-position-right .elementor-icon-box-icon{display:-webkit-inline-box;display:-ms-inline-flexbox;display:inline-flex;-webkit-box-flex:0;-ms-flex:0 0 auto;flex:0 0 auto}.elementor-widget-icon-box.elementor-position-right .elementor-icon-box-wrapper{text-align:right;-webkit-box-orient:horizontal;-webkit-box-direction:reverse;-ms-flex-direction:row-reverse;flex-direction:row-reverse}.elementor-widget-icon-box.elementor-position-left .elementor-icon-box-wrapper{text-align:left;-webkit-box-orient:horizontal;-webkit-box-direction:normal;-ms-flex-direction:row;flex-direction:row}.elementor-widget-icon-box.elementor-position-top .elementor-icon-box-img{margin:auto}.elementor-widget-icon-box.elementor-vertical-align-top .elementor-icon-box-wrapper{-webkit-box-align:start;-ms-flex-align:start;align-items:flex-start}.elementor-widget-icon-box.elementor-vertical-align-middle .elementor-icon-box-wrapper{-webkit-box-align:center;-ms-flex-align:center;align-items:center}.elementor-widget-icon-box.elementor-vertical-align-bottom .elementor-icon-box-wrapper{-webkit-box-align:end;-ms-flex-align:end;align-items:flex-end}}@media (max-width:767px){.elementor-widget-icon-box .elementor-icon-box-icon{margin-left:auto!important;margin-right:auto!important;margin-bottom:15px}}.elementor-widget-icon-box .elementor-icon-box-wrapper{text-align:center}.elementor-widget-icon-box .elementor-icon-box-title a{color:inherit}.elementor-widget-icon-box .elementor-icon-box-content{-webkit-box-flex:1;-ms-flex-positive:1;flex-grow:1}.elementor-widget-icon-box .elementor-icon-box-description{margin:0}<\/style>\n<h3>\n\t\t\t\t\t\tPhysical Address\u200b<br \/>\n\t\t\t\t<\/h3>\n<p>\n\t\t\t\t\t\t304 North Cardinal St. <br \/>\nDorchester Center, MA 02124\t\t\t\t\t<\/p>\n<h3>\n\t\t\t\t\t\tEmail Address<br \/>\n\t\t\t\t<\/h3>\n<p>\n\t\t\t\t\t\tinfo@company.com <br \/>\ncontact@company.com\t\t\t\t\t<\/p>\n<h3>\n\t\t\t\t\t\tPhone Numbers<br \/>\n\t\t\t\t<\/h3>\n<p>\n\t\t\t\t\t\t1-555-123-4567 <br \/>\n1-800-123-4567\t\t\t\t\t<\/p>\n<style>\/*! elementor - v3.5.1 - 20-12-2021 *\/\n.elementor-heading-title{padding:0;margin:0;line-height:1}.elementor-widget-heading .elementor-heading-title[class*=elementor-size-]>a{color:inherit;font-size:inherit;line-height:inherit}.elementor-widget-heading .elementor-heading-title.elementor-size-small{font-size:15px}.elementor-widget-heading .elementor-heading-title.elementor-size-medium{font-size:19px}.elementor-widget-heading .elementor-heading-title.elementor-size-large{font-size:29px}.elementor-widget-heading .elementor-heading-title.elementor-size-xl{font-size:39px}.elementor-widget-heading .elementor-heading-title.elementor-size-xxl{font-size:59px}<\/style>\n<h2>Send us a message<\/h2>\n<div class=\"wpforms-container wpforms-render-modern\" id=\"wpforms-246\"><form id=\"wpforms-form-246\" class=\"wpforms-validate wpforms-form\" data-formid=\"246\" method=\"post\" enctype=\"multipart\/form-data\" action=\"\/index.php\/wp-json\/wp\/v2\/pages\/1290\" data-token=\"d2101830bbd1d7f542d9deb7a99de5e2\" data-token-time=\"1777724830\"><noscript class=\"wpforms-error-noscript\">Vui l\u00f2ng b\u1eadt JavaScript trong tr\u00ecnh duy\u1ec7t c\u1ee7a b\u1ea1n \u0111\u1ec3 ho\u00e0n th\u00e0nh Form n\u00e0y.<\/noscript><div id=\"wpforms-error-noscript\" style=\"display: none;\">Vui l\u00f2ng b\u1eadt JavaScript trong tr\u00ecnh duy\u1ec7t c\u1ee7a b\u1ea1n \u0111\u1ec3 ho\u00e0n th\u00e0nh Form n\u00e0y.<\/div><div class=\"wpforms-field-container\"><div id=\"wpforms-246-field_0-container\" class=\"wpforms-field wpforms-field-name\" data-field-id=\"0\"><label class=\"wpforms-field-label wpforms-label-hide\" for=\"wpforms-246-field_0\" aria-hidden=\"false\">Name <span class=\"wpforms-required-label\" aria-hidden=\"true\">*<\/span><\/label><input type=\"text\" id=\"wpforms-246-field_0\" class=\"wpforms-field-large wpforms-field-required\" name=\"wpforms[fields][0]\" placeholder=\"Name *\" aria-errormessage=\"wpforms-246-field_0-error\" required><\/div><div id=\"wpforms-246-field_1-container\" class=\"wpforms-field wpforms-field-email\" data-field-id=\"1\"><label class=\"wpforms-field-label wpforms-label-hide\" for=\"wpforms-246-field_1\" aria-hidden=\"false\">Email <span class=\"wpforms-required-label\" aria-hidden=\"true\">*<\/span><\/label><input type=\"email\" id=\"wpforms-246-field_1\" class=\"wpforms-field-large wpforms-field-required\" name=\"wpforms[fields][1]\" placeholder=\"Email Address *\" spellcheck=\"false\" aria-errormessage=\"wpforms-246-field_1-error\" required><\/div><div id=\"wpforms-246-field_3-container\" class=\"wpforms-field wpforms-field-text\" data-field-id=\"3\"><label class=\"wpforms-field-label wpforms-label-hide\" for=\"wpforms-246-field_3\" aria-hidden=\"false\">Subject<\/label><input type=\"text\" id=\"wpforms-246-field_3\" class=\"wpforms-field-large\" name=\"wpforms[fields][3]\" placeholder=\"Subject\" aria-errormessage=\"wpforms-246-field_3-error\" ><\/div><div id=\"wpforms-246-field_2-container\" class=\"wpforms-field wpforms-field-textarea\" data-field-id=\"2\"><label class=\"wpforms-field-label wpforms-label-hide\" for=\"wpforms-246-field_2\" aria-hidden=\"false\">Comment or Message <span class=\"wpforms-required-label\" aria-hidden=\"true\">*<\/span><\/label><textarea id=\"wpforms-246-field_2\" class=\"wpforms-field-medium wpforms-field-required\" name=\"wpforms[fields][2]\" placeholder=\"Comment or Message *\" aria-errormessage=\"wpforms-246-field_2-error\" required><\/textarea><\/div><\/div><!-- .wpforms-field-container --><div class=\"wpforms-submit-container\" ><input type=\"hidden\" name=\"wpforms[id]\" value=\"246\"><input type=\"hidden\" name=\"page_title\" value=\"\"><input type=\"hidden\" name=\"page_url\" value=\"https:\/\/chouchouphuquoc.com.vn\/index.php\/wp-json\/wp\/v2\/pages\/1290\"><input type=\"hidden\" name=\"url_referer\" value=\"\"><button type=\"submit\" name=\"wpforms[submit]\" id=\"wpforms-submit-246\" class=\"wpforms-submit\" data-alt-text=\"Sending...\" data-submit-text=\"Send Message\" aria-live=\"assertive\" value=\"wpforms-submit\">Send Message<\/button><\/div><\/form><\/div>  <!-- .wpforms-container -->\n<h2>Trending Now<\/h2>\n<p>\t\t\t<a href=\"#\" role=\"button\"><br \/>\n\t\t\t\t\t\tBrowse Shop<br \/>\n\t\t\t\t\t<\/a><br \/>\n\t\t<div class=\"woocommerce columns-4 \"><ul class=\"products columns-4\" data-products=\"type-1\" data-hover=\"zoom-in\">\n<li class=\"product type-product post-2198 status-publish first instock product_cat-30-huong-vi-chouchou product_cat-san-pham has-post-thumbnail shipping-taxable product-type-grouped\">\n\t<a href=\"https:\/\/chouchouphuquoc.com.vn\/index.php\/san-pham\/chouchou-vi-pho-mai\/\" class=\"woocommerce-LoopProduct-link woocommerce-loop-product__link\"><img loading=\"lazy\" decoding=\"async\" width=\"300\" height=\"300\" src=\"https:\/\/chouchouphuquoc.com.vn\/wp-content\/uploads\/2023\/10\/pho-mai-300x300.png?wsr\" class=\"attachment-woocommerce_thumbnail size-woocommerce_thumbnail\" alt=\"CHOUCHOU V\u1eca PH\u00d4 MAI\" srcset=\"https:\/\/chouchouphuquoc.com.vn\/wp-content\/uploads\/2023\/10\/pho-mai-300x300.png 300w, https:\/\/chouchouphuquoc.com.vn\/wp-content\/uploads\/2023\/10\/pho-mai-150x150.png 150w, https:\/\/chouchouphuquoc.com.vn\/wp-content\/uploads\/2023\/10\/pho-mai-768x768.png 768w, https:\/\/chouchouphuquoc.com.vn\/wp-content\/uploads\/2023\/10\/pho-mai-200x200.png 200w, https:\/\/chouchouphuquoc.com.vn\/wp-content\/uploads\/2023\/10\/pho-mai-600x600.png 600w, https:\/\/chouchouphuquoc.com.vn\/wp-content\/uploads\/2023\/10\/pho-mai-100x100.png 100w, https:\/\/chouchouphuquoc.com.vn\/wp-content\/uploads\/2023\/10\/pho-mai.png 1024w\" sizes=\"auto, (max-width: 300px) 100vw, 300px\" \/><h2 class=\"woocommerce-loop-product__title\">CHOUCHOU V\u1eca PH\u00d4 MAI<\/h2>\n<\/a><a href=\"https:\/\/chouchouphuquoc.com.vn\/index.php\/san-pham\/chouchou-vi-pho-mai\/\" aria-describedby=\"woocommerce_loop_add_to_cart_link_describedby_2198\" data-quantity=\"1\" class=\"button product_type_grouped\" data-product_id=\"2198\" data-product_sku=\"\" aria-label=\"Xem s\u1ea3n ph\u1ea9m trong &ldquo;CHOUCHOU V\u1eca PH\u00d4 MAI&rdquo; group\" rel=\"nofollow\">Xem s\u1ea3n ph\u1ea9m<\/a>\t<span id=\"woocommerce_loop_add_to_cart_link_describedby_2198\" class=\"screen-reader-text\">\n\t\t\t<\/span>\n<\/li>\n<li class=\"product type-product post-2195 status-publish instock product_cat-san-pham product_cat-30-huong-vi-chouchou has-post-thumbnail shipping-taxable product-type-simple\">\n\t<a href=\"https:\/\/chouchouphuquoc.com.vn\/index.php\/san-pham\/chouchou-vi-toi-ot\/\" class=\"woocommerce-LoopProduct-link woocommerce-loop-product__link\"><img loading=\"lazy\" decoding=\"async\" width=\"300\" height=\"300\" src=\"https:\/\/chouchouphuquoc.com.vn\/wp-content\/uploads\/2023\/10\/toi-ot-300x300.png?wsr\" class=\"attachment-woocommerce_thumbnail size-woocommerce_thumbnail\" alt=\"CHOUCHOU V\u1eca T\u1eceI \u1edaT\" srcset=\"https:\/\/chouchouphuquoc.com.vn\/wp-content\/uploads\/2023\/10\/toi-ot-300x300.png 300w, https:\/\/chouchouphuquoc.com.vn\/wp-content\/uploads\/2023\/10\/toi-ot-150x150.png 150w, https:\/\/chouchouphuquoc.com.vn\/wp-content\/uploads\/2023\/10\/toi-ot-768x768.png 768w, https:\/\/chouchouphuquoc.com.vn\/wp-content\/uploads\/2023\/10\/toi-ot-200x200.png 200w, https:\/\/chouchouphuquoc.com.vn\/wp-content\/uploads\/2023\/10\/toi-ot-600x600.png 600w, https:\/\/chouchouphuquoc.com.vn\/wp-content\/uploads\/2023\/10\/toi-ot-100x100.png 100w, https:\/\/chouchouphuquoc.com.vn\/wp-content\/uploads\/2023\/10\/toi-ot.png 1024w\" sizes=\"auto, (max-width: 300px) 100vw, 300px\" \/><h2 class=\"woocommerce-loop-product__title\">CHOUCHOU V\u1eca T\u1eceI \u1edaT<\/h2>\n<\/a><a href=\"https:\/\/chouchouphuquoc.com.vn\/index.php\/san-pham\/chouchou-vi-toi-ot\/\" aria-describedby=\"woocommerce_loop_add_to_cart_link_describedby_2195\" data-quantity=\"1\" class=\"button product_type_simple\" data-product_id=\"2195\" data-product_sku=\"\" aria-label=\"\u0110\u1ecdc th\u00eam v\u1ec1 &ldquo;CHOUCHOU V\u1eca T\u1eceI \u1edaT&rdquo;\" rel=\"nofollow\" data-success_message=\"\">\u0110\u1ecdc ti\u1ebfp<\/a>\t<span id=\"woocommerce_loop_add_to_cart_link_describedby_2195\" class=\"screen-reader-text\">\n\t\t\t<\/span>\n<\/li>\n<li class=\"product type-product post-2192 status-publish instock product_cat-san-pham product_cat-30-huong-vi-chouchou has-post-thumbnail shipping-taxable product-type-simple\">\n\t<a href=\"https:\/\/chouchouphuquoc.com.vn\/index.php\/san-pham\/chouchou-vi-la-dua\/\" class=\"woocommerce-LoopProduct-link woocommerce-loop-product__link\"><img loading=\"lazy\" decoding=\"async\" width=\"300\" height=\"300\" src=\"https:\/\/chouchouphuquoc.com.vn\/wp-content\/uploads\/2023\/10\/la-dua-300x300.png?wsr\" class=\"attachment-woocommerce_thumbnail size-woocommerce_thumbnail\" alt=\"CHOUCHOU V\u1eca L\u00c1 D\u1ee8A\" srcset=\"https:\/\/chouchouphuquoc.com.vn\/wp-content\/uploads\/2023\/10\/la-dua-300x300.png 300w, https:\/\/chouchouphuquoc.com.vn\/wp-content\/uploads\/2023\/10\/la-dua-150x150.png 150w, https:\/\/chouchouphuquoc.com.vn\/wp-content\/uploads\/2023\/10\/la-dua-768x768.png 768w, https:\/\/chouchouphuquoc.com.vn\/wp-content\/uploads\/2023\/10\/la-dua-200x200.png 200w, https:\/\/chouchouphuquoc.com.vn\/wp-content\/uploads\/2023\/10\/la-dua-600x600.png 600w, https:\/\/chouchouphuquoc.com.vn\/wp-content\/uploads\/2023\/10\/la-dua-100x100.png 100w, https:\/\/chouchouphuquoc.com.vn\/wp-content\/uploads\/2023\/10\/la-dua.png 1024w\" sizes=\"auto, (max-width: 300px) 100vw, 300px\" \/><h2 class=\"woocommerce-loop-product__title\">CHOUCHOU V\u1eca L\u00c1 D\u1ee8A<\/h2>\n<\/a><a href=\"https:\/\/chouchouphuquoc.com.vn\/index.php\/san-pham\/chouchou-vi-la-dua\/\" aria-describedby=\"woocommerce_loop_add_to_cart_link_describedby_2192\" data-quantity=\"1\" class=\"button product_type_simple\" data-product_id=\"2192\" data-product_sku=\"\" aria-label=\"\u0110\u1ecdc th\u00eam v\u1ec1 &ldquo;CHOUCHOU V\u1eca L\u00c1 D\u1ee8A&rdquo;\" rel=\"nofollow\" data-success_message=\"\">\u0110\u1ecdc ti\u1ebfp<\/a>\t<span id=\"woocommerce_loop_add_to_cart_link_describedby_2192\" class=\"screen-reader-text\">\n\t\t\t<\/span>\n<\/li>\n<li class=\"product type-product post-2190 status-publish last instock product_cat-30-huong-vi-chouchou product_cat-san-pham has-post-thumbnail shipping-taxable product-type-simple\">\n\t<a href=\"https:\/\/chouchouphuquoc.com.vn\/index.php\/san-pham\/chouchou-vi-wassabi-pho-mai\/\" class=\"woocommerce-LoopProduct-link woocommerce-loop-product__link\"><img loading=\"lazy\" decoding=\"async\" width=\"300\" height=\"300\" src=\"https:\/\/chouchouphuquoc.com.vn\/wp-content\/uploads\/2023\/10\/wasabi-300x300.png?wsr\" class=\"attachment-woocommerce_thumbnail size-woocommerce_thumbnail\" alt=\"CHOUCHOU V\u1eca WASSABI PH\u00d4 MAI\" srcset=\"https:\/\/chouchouphuquoc.com.vn\/wp-content\/uploads\/2023\/10\/wasabi-300x300.png 300w, https:\/\/chouchouphuquoc.com.vn\/wp-content\/uploads\/2023\/10\/wasabi-150x150.png 150w, https:\/\/chouchouphuquoc.com.vn\/wp-content\/uploads\/2023\/10\/wasabi-768x768.png 768w, https:\/\/chouchouphuquoc.com.vn\/wp-content\/uploads\/2023\/10\/wasabi-200x200.png 200w, https:\/\/chouchouphuquoc.com.vn\/wp-content\/uploads\/2023\/10\/wasabi-600x600.png 600w, https:\/\/chouchouphuquoc.com.vn\/wp-content\/uploads\/2023\/10\/wasabi-100x100.png 100w, https:\/\/chouchouphuquoc.com.vn\/wp-content\/uploads\/2023\/10\/wasabi.png 1024w\" sizes=\"auto, (max-width: 300px) 100vw, 300px\" \/><h2 class=\"woocommerce-loop-product__title\">CHOUCHOU V\u1eca WASSABI PH\u00d4 MAI<\/h2>\n<\/a><a href=\"https:\/\/chouchouphuquoc.com.vn\/index.php\/san-pham\/chouchou-vi-wassabi-pho-mai\/\" aria-describedby=\"woocommerce_loop_add_to_cart_link_describedby_2190\" data-quantity=\"1\" class=\"button product_type_simple\" data-product_id=\"2190\" data-product_sku=\"\" aria-label=\"\u0110\u1ecdc th\u00eam v\u1ec1 &ldquo;CHOUCHOU V\u1eca WASSABI PH\u00d4 MAI&rdquo;\" rel=\"nofollow\" data-success_message=\"\">\u0110\u1ecdc ti\u1ebfp<\/a>\t<span id=\"woocommerce_loop_add_to_cart_link_describedby_2190\" class=\"screen-reader-text\">\n\t\t\t<\/span>\n<\/li>\n<\/ul>\n<\/div><\/p>\n","protected":false},"excerpt":{"rendered":"<p>Physical Address\u200b 304 North Cardinal St. Dorchester Center, MA 02124 Email Address info@company.com contact@company.com Phone Numbers 1-555-123-4567 1-800-123-4567 Send us a message Trending Now Browse Shop<\/p>\n","protected":false},"author":1,"featured_media":0,"parent":0,"menu_order":0,"comment_status":"closed","ping_status":"closed","template":"","meta":{"footnotes":""},"class_list":["post-1290","page","type-page","status-publish","hentry"],"blocksy_meta":{"styles_descriptor":{"styles":{"desktop":"","tablet":"","mobile":""},"google_fonts":[],"version":6}},"_links":{"self":[{"href":"https:\/\/chouchouphuquoc.com.vn\/index.php\/wp-json\/wp\/v2\/pages\/1290","targetHints":{"allow":["GET"]}}],"collection":[{"href":"https:\/\/chouchouphuquoc.com.vn\/index.php\/wp-json\/wp\/v2\/pages"}],"about":[{"href":"https:\/\/chouchouphuquoc.com.vn\/index.php\/wp-json\/wp\/v2\/types\/page"}],"author":[{"embeddable":true,"href":"https:\/\/chouchouphuquoc.com.vn\/index.php\/wp-json\/wp\/v2\/users\/1"}],"replies":[{"embeddable":true,"href":"https:\/\/chouchouphuquoc.com.vn\/index.php\/wp-json\/wp\/v2\/comments?post=1290"}],"version-history":[{"count":0,"href":"https:\/\/chouchouphuquoc.com.vn\/index.php\/wp-json\/wp\/v2\/pages\/1290\/revisions"}],"wp:attachment":[{"href":"https:\/\/chouchouphuquoc.com.vn\/index.php\/wp-json\/wp\/v2\/media?parent=1290"}],"curies":[{"name":"wp","href":"https:\/\/api.w.org\/{rel}","templated":true}]}}